9 (base 13) to base 3
1222112021
What is -21030014 (base 5) in base 3?
-22211100112
Convert 125547 (base 11) to base 12.
96464
2c1a35 (base 16) to base 13
7a2743
What is 51952 (base 10) in base 11?
3603a
Convert -2371068 (base 10) to base 11.
-137a467
What is -33063143 (base 8) in base 6?
-412133203
Convert 2137571 (base 11) to base 5.
1430224341
11b2c (base 16) to base 14
1c5c0
Convert 80584 (base 12) to base 13.
5ab59
What is 3402425 (base 8) in base 4?
3200110111
Convert -498b3a (base 12) to base 10.
-1197406
Convert 1110111100001111101 (base 2) to base 8.
1674175
What is -20201221011 (base 3) in base 5?
-13221003
What is -2213233 (base 12) in base 3?
-110020000200010
What is -1ba63 (base 12) in base 15?
-c359
What is 1327415 (base 8) in base 7?
3110662
27406 (base 16) to base 9
264477
What is 621334 (base 7) in base 2?
11001111010101111
2347039 (base 11) to base 14
7880aa
-246ab1b (base 13) to base 12
-3967049
36b97 (base 13) to base 5
11211343
What is 13a100 (base 11) in base 14?
59845
24deb8 (base 16) to base 4
21031322320
-160731 (base 9) to base 10
-99010
What is -dae71 (base 16) in base 9?
-1615840
What is -1139188 (base 14) in base 11?
-46a6563
What is -1100111101010100101111 (base 2) in base 10?
-3396911
Convert 111302130 (base 4) to base 9.
145370
-713c19 (base 16) to base 5
-3344432303
Convert 5618080 (base 9) to base 11.
1785a49
What is 20a50 (base 14) in base 11?
54283
What is -2e7f (base 16) in base 6?
-131035
191593 (base 16) to base 11
a23116
-bd808 (base 16) to base 13
-2123b9
-9a96b9 (base 16) to base 3
-201001201022000
What is 240433 (base 9) in base 16?
23538
What is 4043236 (base 11) in base 15?
9633a7
Convert -2399 (base 11) to base 9.
-4261
Convert -91e67 (base 16) to base 13.
-17c01a
What is 1303 (base 7) in base 14?
273
-172621 (base 8) to base 10
-62865
Convert 14111 (base 9) to base 13.
4480
35502512 (base 6) to base 7
12312461
Convert 26543664 (base 7) to base 4.
21111221310
-155b8 (base 15) to base 8
-206276
What is -10110101111000001 (base 2) in base 7?
-535330
31b48 (base 15) to base 4
212201201
623408 (base 11) to base 14
1c065b
Convert 2412452 (base 6) to base 16.
1ed70
Convert 220110102102 (base 3) to base 14.
c7652
12e2 (base 15) to base 12
2405
Convert -245433 (base 11) to base 6.
-12151321
Convert -222341010 (base 5) to base 16.
-ef713
Convert 20150453 (base 6) to base 11.
362536
-210211221102 (base 3) to base 4
-1220333303
435564 (base 7) to base 16
12a95
Convert 2201210222 (base 3) to base 5.
3210220
What is -bca55 (base 14) in base 6?
-13450123
11113010 (base 4) to base 15
678b
-1098b35 (base 12) to base 10
-3188057
Convert 19c7aba (base 14) to base 15.
11dd136
What is 1345 (base 7) in base 9?
641
Convert 5444004 (base 7) to base 14.
134c3b
Convert 87a6a2 (base 11) to base 4.
11113001303
Convert -15b5839 (base 14) to base 16.
-a29b3b
-33002102 (base 5) to base 15
-58637
Convert 15513 (base 16) to base 10.
87315
-200111222 (base 3) to base 15
-3eee
-170766 (base 11) to base 12
-109061
Convert 817c3 (base 14) to base 8.
1140477
16ab3 (base 15) to base 5
4321133
1235154 (base 6) to base 13
247ba
Convert -3222313 (base 4) to base 16.
-3ab7
-52bd0 (base 16) to base 10
-338896
-44232040 (base 5) to base 13
-10567c
What is -10001110101110110011 (base 2) in base 11?
-36a26a
What is 44224424 (base 5) in base 15?
787ae
-ee9ee9 (base 15) to base 2
-101011011000110010110000
What is -535b7 (base 13) in base 7?
-1164313
What is -1000000000110111100100 (base 2) in base 3?
-10221201122000
Convert -12c719b (base 14) to base 13.
-1b61684
Convert -10010100110001010101101 (base 2) to base 16.
-4a62ad
What is 136184 (base 9) in base 13?
2bb8b
Convert -997981 (base 10) to base 14.
-1bd9a5
Convert 31766512 (base 8) to base 16.
67ed4a
What is -26462652 (base 7) in base 2?
-1001010010101000101111
Convert 106200332 (base 7) to base 3.
110020110110122
What is 100100000011111011000 (base 2) in base 13?
324b08
-12321042 (base 6) to base 4
-1201200302
Convert -112553342 (base 6) to base 16.
-20073e
Convert 2141712 (base 10) to base 11.
1233111
Convert -810 (base 12) to base 13.
-6b7
What is 7278 (base 14) in base 4?
10303322
-829929 (base 10) to base 16
-ca9e9
Convert b7c99a (base 14) to base 2.
10111101110100000011100
Convert 10afa (base 16) to base 2.
10000101011111010
Convert -145a957 (base 11) to base 15.
-346b56
Convert 1249bc (base 14) to base 2.
10011001001101101010
935166 (base 15) to base 6
410035210
2100211202120 (base 3) to base 10
1256622
Convert -330120102 (base 4) to base 3.
-110120020210
What is 10b699 (base 12) in base 11?
173a73
What is -153245 (base 11) in base 14?
-62d08
What is -121759 (base 10) in base 6?
-2335411
46400531 (base 8) to base 11
5773a34
4306a3 (base 12) to base 4
10002123123
-1451354 (base 8) to base 7
-3344202
67951 (base 13) to base 4
231332230
Convert -222012122020000 (base 3) to base 11.
-7953705
What is 188b6b (base 12) in base 4?
1221002003
2d484 (base 16) to base 14
4b844
Convert -724160 (base 9) to base 15.
-873e6
What is 160635 (base 7) in base 6?
401553
What is 113683 (base 9) in base 5?
4141413
What is 3681455 (base 9) in base 2?
111101000110100100000
What is c807 (base 15) in base 14?
115bd
Convert -303554515 (base 6) to base 2.
-10011111011101100001111
Convert 1264800 (base 10) to base 12.
50bb40
Convert -115524 (base 13) to base 5.
-101133324
What is 32fd63 (base 16) in base 6?
155342403
8eac26 (base 16) to base 5
4343201212
What is -195029 (base 10) in base 4?
-233213111
-23074 (base 9) to base 4
-3300100
What is 10120100020 (base 3) in base 4?
101021121
42121312 (base 5) to base 4
1111002230
What is -11b35 (base 15) in base 8?
-156315
-59f8d (base 16) to base 15
-742d5
Convert -231101241 (base 6) to base 11.
-2445a28
What is -4876151 (base 9) in base 13?
-719713
-41457031 (base 8) to base 3
-121120101102221
-2021534 (base 10) to base 9
-3721018
56b351 (base 12) to base 2
101010010111000101101
Convert -1141125 (base 9) to base 16.
-96c5f
Convert 21683 (base 16) to base 10.
136835
Convert -2001213002 (base 4) to base 3.
-222222020022
-22413551 (base 6) to base 8
-2474553
What is 2202103303 (base 5) in base 2?
10010000000111010011000
-26530460 (base 7) to base 3
-11121012011102
What is -10011110101100010000 (base 2) in base 14?
-12cc48
-9e08 (base 15) to base 3
-1200222222
-1238598 (base 10) to base 2
-100101110011001000110
4412441 (base 5) to base 11
52108
-8213270 (base 11) to base 4
-313113112013
Convert -204142405 (base 6) to base 12.
-1237a05
21503 (base 12) to base 16
ab93
Convert 1867656 (base 11) to base 12.
10835bb
Convert 1102102012200 (base 3) to base 6.
24112330
What is 2458b (base 15) in base 5?
12203011
What is 11011111110 (base 3) in base 9?
134443
308bb0 (base 15) to base 5
1042322030
Convert 2751740 (base 10) to base 9.
5153608
What is 211122202022012 (base 3) in base 16?
b7bb9a
What is -10100115 (base 6) in base 16?
-4640f
Convert 254543504 (base 7) to base 14.
2220674
4364016 (base 7) to base 14
dd8b6
Convert -166266655 (base 7) to base 3.
-210120100102001
Convert -1021001010200 (base 3) to base 4.
-2203211202
Convert -26c16 (base 14) to base 7.
-545626
Convert 521766 (base 13) to base 16.
1d407b
Convert -63666 (base 16) to base 11.
-25898a
Convert 11868484 (base 9) to base 3.
101222022112211
Convert 1b4c31 (base 15) to base 9.
2450751
1020112212211 (base 3) to base 9
1215784
-36534601 (base 7) to base 13
-8a6196
340222221 (base 5) to base 9
2723804
What is 1011011000100000 (base 2) in base 8?
133040
Convert 4420342 (base 7) to base 13.
1600b1
What is 1102205 (base 7) in base 10?
135245
10720075 (base 8) to base 6
122013101
-46312466 (base 7) to base 12
-1435b62
Convert -4eb95 (base 16) to base 8.
-1165625
6302 (base 16) to base 13
b6c9
-19ac6 (base 14) to base 15
-144eb
What is -8b817 (base 16) in base 9?
-1060745
What is -b04196 (base 12) in base 7?
-32216640
Convert -354760 (base 12) to base 10.
-858168
1f3 (base 16) to base 9
614
14177050 (base 9) to base 10
7018857
What is 19a6 (base 11) in base 14?
cd2
-a28031 (base 12) to base 16
-26d025
What is 309b38 (base 12) in base 13?
2097a4
-111112102120110 (base 3) to base 14
-d53387
Convert -3b7781 (base 12) to base 6.
-33101041
What is 30201432 (base 5) in base 15?
4b57c
Convert 11000010111010000 (base 2) to ba